{"id":20,"date":"2016-08-03T12:30:04","date_gmt":"2016-08-03T12:30:04","guid":{"rendered":"https:\/\/themify.me\/demo\/themes\/ultra-agency\/?page_id=4"},"modified":"2026-02-16T03:51:35","modified_gmt":"2026-02-16T03:51:35","slug":"about-us","status":"publish","type":"page","link":"https:\/\/www.kontrastagency.com\/?page_id=20","title":{"rendered":"About Us"},"content":{"rendered":"<p><!--themify_builder_static--><\/p>\n<h1 style=\"margin-bottom: 0;\">Biz kimiz?<\/h1>\n<h2>Bunlar kim?<\/h2>\n<p>Ekip arkada\u015flar\u0131m\u0131z, kendi alanlar\u0131nda y\u0131llar i\u00e7inde \u00e7e\u015fitli projelerde,<br \/>\u00e7e\u015fitli pozisyonlarda edindikleri tecr\u00fcbelerle uzmanla\u015fm\u0131\u015f bir kadrodur.<\/p>\n<p><img loading=\"lazy\" decoding=\"async\" src=\"http:\/\/www.kontrastagency.com\/2021\/wp-content\/uploads\/2025\/11\/me_me_me_01.jpg\" width=\"260\" height=\"240\" title=\"\u00d6zg\u00fcr \u00d6ZKAPLAN\" alt=\"Ajans Ba\u015fkan\u0131 \/ Y\u00f6netmen\"> <\/p>\n<h3> \u00d6zg\u00fcr \u00d6ZKAPLAN <\/h3>\n<p> Ajans Ba\u015fkan\u0131 \/ Y\u00f6netmen<br \/>\n<img loading=\"lazy\" decoding=\"async\" src=\"http:\/\/www.kontrastagency.com\/2021\/wp-content\/uploads\/2025\/04\/gokcer_01.jpg\" width=\"260\" height=\"240\" title=\"G\u00f6k\u00e7er G\u00dcNG\u00d6REN\" alt=\"Y\u00f6netmen \/ VFX Supervisor\"> <\/p>\n<h3> G\u00f6k\u00e7er G\u00dcNG\u00d6REN <\/h3>\n<p> Y\u00f6netmen \/ VFX Supervisor<br \/>\n<img loading=\"lazy\" decoding=\"async\" src=\"http:\/\/www.kontrastagency.com\/2021\/wp-content\/uploads\/2023\/01\/ozan_01.jpg\" width=\"260\" height=\"240\" title=\"Ozan ALTUN\" alt=\"Prod\u00fckt\u00f6r \/ Yap\u0131mc\u0131\"> <\/p>\n<h3> Ozan ALTUN <\/h3>\n<p> Prod\u00fckt\u00f6r \/ Yap\u0131mc\u0131<br \/>\n<img loading=\"lazy\" decoding=\"async\" src=\"http:\/\/www.kontrastagency.com\/2021\/wp-content\/uploads\/2025\/11\/Zey_zey_zey_01.jpg\" width=\"260\" height=\"240\" title=\"Zeynep \u00d6zkaplan\" alt=\"Metin Yazar\u0131 \/ Senarist\"> <\/p>\n<h3> Zeynep \u00d6zkaplan <\/h3>\n<p> Metin Yazar\u0131 \/ Senarist<br \/>\n<img loading=\"lazy\" decoding=\"async\" src=\"http:\/\/www.kontrastagency.com\/2021\/wp-content\/uploads\/2022\/01\/kutay_01.jpg\" width=\"260\" height=\"240\" title=\"Kutay \u00d6ZER\" alt=\"Photo \/ Videographer\"> <\/p>\n<h3> Kutay \u00d6ZER <\/h3>\n<p> Photo \/ Videographer<br \/>\n<img loading=\"lazy\" decoding=\"async\" src=\"http:\/\/www.kontrastagency.com\/2021\/wp-content\/uploads\/2023\/01\/kosta_01.jpg\" width=\"260\" height=\"240\" title=\"Kosta YULDASHEV\" alt=\"Videographer\"> <\/p>\n<h3> Kosta YULDASHEV <\/h3>\n<p> Videographer<br \/>\n<img loading=\"lazy\" decoding=\"async\" src=\"http:\/\/www.kontrastagency.com\/2021\/wp-content\/uploads\/2026\/02\/evr_01.jpg\" width=\"260\" height=\"240\" title=\"Evren BERK\" alt=\"Photo \/ Videographer\"> <\/p>\n<h3> Evren BERK <\/h3>\n<p> Photo \/ Videographer<br \/>\n<img loading=\"lazy\" decoding=\"async\" src=\"http:\/\/www.kontrastagency.com\/2021\/wp-content\/uploads\/2022\/02\/TUNC.jpg\" width=\"260\" height=\"240\" title=\"Tun\u00e7 SAKAL\" alt=\"Yaz\u0131l\u0131m Uzman\u0131\"> <\/p>\n<h3> Tun\u00e7 SAKAL <\/h3>\n<p> Yaz\u0131l\u0131m Uzman\u0131<\/p>\n<h2>Our Services<\/h2>\n<p>We provide a wide array of software design and<br \/> development services<\/p>\n<p><svg> <circle r=\"calc(50% - 1px)\" cx=\"50%\" cy=\"50%\" stroke-width=\"2\"\/> <circle r=\"calc(50% - 1px)\" cx=\"50%\" cy=\"50%\" stroke=\"#23c3d1\" stroke-width=\"2\" data-progress=\"100\" stroke-dasharray=\"0,10000\"\/> <\/svg> <i style=\"color: #000000\"><svg aria-hidden=\"true\"><use href=\"#tf-fas-th-large\"><\/use><\/svg><\/i> <\/p>\n<h3> Wireframing <\/h3>\n<p>We create simple prototypes that can be transformed to efficient User experience<\/p>\n<p><svg> <circle r=\"calc(50% - 1px)\" cx=\"50%\" cy=\"50%\" stroke-width=\"2\"\/> <circle r=\"calc(50% - 1px)\" cx=\"50%\" cy=\"50%\" stroke=\"#23c3d1\" stroke-width=\"2\" data-progress=\"100\" stroke-dasharray=\"0,10000\"\/> <\/svg> <i style=\"color: #000000\"><svg aria-hidden=\"true\"><use href=\"#tf-fas-sliders\"><\/use><\/svg><\/i> <\/p>\n<h3> User Interface (UI) <\/h3>\n<p>The first thing that brings someone to your app is a beautiful, original and modern look and feel.<\/p>\n<p><svg> <circle r=\"calc(50% - 1px)\" cx=\"50%\" cy=\"50%\" stroke-width=\"2\"\/> <circle r=\"calc(50% - 1px)\" cx=\"50%\" cy=\"50%\" stroke=\"#23c3d1\" stroke-width=\"2\" data-progress=\"100\" stroke-dasharray=\"0,10000\"\/> <\/svg> <i style=\"color: #000000\"><svg aria-hidden=\"true\"><use href=\"#tf-fab-connectdevelop\"><\/use><\/svg><\/i> <\/p>\n<h3> User Experience (UX) design <\/h3>\n<p>To create software that people will actually use, you need to create software that&#8217;s simple and easy to use.<\/p>\n<p><svg> <circle r=\"calc(50% - 1px)\" cx=\"50%\" cy=\"50%\" stroke-width=\"2\"\/> <circle r=\"calc(50% - 1px)\" cx=\"50%\" cy=\"50%\" stroke=\"#23c3d1\" stroke-width=\"2\" data-progress=\"100\" stroke-dasharray=\"0,10000\"\/> <\/svg> <i style=\"color: #000000\"><svg aria-hidden=\"true\"><use href=\"#tf-far-check-square-o\"><\/use><\/svg><\/i> <\/p>\n<h3> Quality Assurance <\/h3>\n<p>Our specialized in-house QA team does the review and testing of all the software we build.<\/p>\n<h3>Testimonials<\/h3>\n<p>&#8220;Because of your skill, work and excellence so many doors have opened to us and we are poised to expand in some really huge ways.&#8221;<\/p>\n<p><strong>John Henry Doe<\/strong>, Eye Heart World<\/p>\n<p>&#8220;Sed odio risus, ornare sed varius et, dapibus pellentesque mauris. Sed aliquet vulputate nisl, ut porttitor nulla placerat id.&#8221;<\/p>\n<p><strong>John Smith<\/strong>,\u00a0X-Company<\/p>\n<p>&#8220;Because of your skill, work and excellence so many doors have opened to us and we are poised to expand in some really huge ways.&#8221;<\/p>\n<p><strong>Peter\u00a0Doe<\/strong>,\u00a0Themify<\/p>\n<p>&#8220;Sed odio risus, ornare sed varius et, dapibus pellentesque mauris. Sed aliquet vulputate nisl, ut porttitor nulla placerat id.&#8221;<\/p>\n<p><b>Alice<\/b>, iHeart<\/p>\n<h3>How We Work<\/h3>\n<p><sup>01<\/sup> <\/p>\n<h2>Team<\/h2>\n<p>Lorem ipsum dolor sit amet, consectetur adipiscing elit. Morbi tincidunt velit mi, et cursus dui maximus eu. Aenean malesuada felis dui, tincidunt elementum lacus tempus viverra. Nullam in lacus erat. Quisque quis gravida sapien.\u00a0<\/p>\n<p><sup>02<\/sup><\/p>\n<h2>Collaboration<\/h2>\n<p>Maecenas sed leo a dui accumsan commodo. Ut a porta leo. In vitae purus at augue tempus ultricies in eget tellus. Maecenas facilisis magna sit amet nulla lobortis, eget cursus odio finibus.\u00a0<\/p>\n<p><sup>03<\/sup> <\/p>\n<h2>Results<\/h2>\n<p>Nullam tortor metus, egestas quis sagittis non, mattis id enim. Pellentesque lacinia, mi at iaculis fermentum, ex nisl porta sapien, nec gravida elit ligula at nulla.<\/p>\n<h2>Projeniz hakk\u0131nda konu\u015fmaya haz\u0131r m\u0131s\u0131n\u0131z?<\/h2>\n<p><a href=\"mailto:ozgur@kontrastagency.com\" > \u0130leti\u015fim <\/a><!--\/themify_builder_static--><\/p>\n","protected":false},"excerpt":{"rendered":"<p>Biz kimiz? Bunlar kim? Ekip arkada\u015flar\u0131m\u0131z, kendi alanlar\u0131nda y\u0131llar i\u00e7inde \u00e7e\u015fitli projelerde,\u00e7e\u015fitli pozisyonlarda edindikleri tecr\u00fcbelerle uzmanla\u015fm\u0131\u015f bir kadrodur. \u00d6zg\u00fcr \u00d6ZKAPLAN Ajans Ba\u015fkan\u0131 \/ Y\u00f6netmen G\u00f6k\u00e7er G\u00dcNG\u00d6REN Y\u00f6netmen \/ VFX Supervisor Ozan ALTUN Prod\u00fckt\u00f6r \/ Yap\u0131mc\u0131 Zeynep \u00d6zkaplan Metin Yazar\u0131 \/ Senarist Kutay \u00d6ZER Photo \/ Videographer Kosta YULDASHEV Videographer Evren BERK Photo \/ Videographer Tun\u00e7 [&hellip;]<\/p>\n","protected":false},"author":1,"featured_media":0,"parent":0,"menu_order":0,"comment_status":"closed","ping_status":"closed","template":"","meta":{"footnotes":""},"class_list":["post-20","page","type-page","status-publish","hentry","has-post-title","has-post-date","has-post-category","has-post-tag","has-post-comment","has-post-author",""],"builder_content":"<h1 style=\"margin-bottom: 0;\">Biz kimiz?<\/h1>\n<h2>Bunlar kim?<\/h2> <p>Ekip arkada\u015flar\u0131m\u0131z, kendi alanlar\u0131nda y\u0131llar i\u00e7inde \u00e7e\u015fitli projelerde,<br>\u00e7e\u015fitli pozisyonlarda edindikleri tecr\u00fcbelerle uzmanla\u015fm\u0131\u015f bir kadrodur.<\/p>\n<img src=\"http:\/\/www.kontrastagency.com\/2021\/wp-content\/uploads\/2025\/11\/me_me_me_01.jpg\" width=\"260\" height=\"240\" title=\"\u00d6zg\u00fcr \u00d6ZKAPLAN\" alt=\"Ajans Ba\u015fkan\u0131 \/ Y\u00f6netmen\"> <h3> \u00d6zg\u00fcr \u00d6ZKAPLAN <\/h3> Ajans Ba\u015fkan\u0131 \/ Y\u00f6netmen\n<img src=\"http:\/\/www.kontrastagency.com\/2021\/wp-content\/uploads\/2025\/04\/gokcer_01.jpg\" width=\"260\" height=\"240\" title=\"G\u00f6k\u00e7er G\u00dcNG\u00d6REN\" alt=\"Y\u00f6netmen \/ VFX Supervisor\"> <h3> G\u00f6k\u00e7er G\u00dcNG\u00d6REN <\/h3> Y\u00f6netmen \/ VFX Supervisor\n<img src=\"http:\/\/www.kontrastagency.com\/2021\/wp-content\/uploads\/2023\/01\/ozan_01.jpg\" width=\"260\" height=\"240\" title=\"Ozan ALTUN\" alt=\"Prod\u00fckt\u00f6r \/ Yap\u0131mc\u0131\"> <h3> Ozan ALTUN <\/h3> Prod\u00fckt\u00f6r \/ Yap\u0131mc\u0131\n<img src=\"http:\/\/www.kontrastagency.com\/2021\/wp-content\/uploads\/2025\/11\/Zey_zey_zey_01.jpg\" width=\"260\" height=\"240\" title=\"Zeynep \u00d6zkaplan\" alt=\"Metin Yazar\u0131 \/ Senarist\"> <h3> Zeynep \u00d6zkaplan <\/h3> Metin Yazar\u0131 \/ Senarist\n<img src=\"http:\/\/www.kontrastagency.com\/2021\/wp-content\/uploads\/2022\/01\/kutay_01.jpg\" width=\"260\" height=\"240\" title=\"Kutay \u00d6ZER\" alt=\"Photo \/ Videographer\"> <h3> Kutay \u00d6ZER <\/h3> Photo \/ Videographer\n<img src=\"http:\/\/www.kontrastagency.com\/2021\/wp-content\/uploads\/2023\/01\/kosta_01.jpg\" width=\"260\" height=\"240\" title=\"Kosta YULDASHEV\" alt=\"Videographer\"> <h3> Kosta YULDASHEV <\/h3> Videographer\n<img src=\"http:\/\/www.kontrastagency.com\/2021\/wp-content\/uploads\/2026\/02\/evr_01.jpg\" width=\"260\" height=\"240\" title=\"Evren BERK\" alt=\"Photo \/ Videographer\"> <h3> Evren BERK <\/h3> Photo \/ Videographer\n<img src=\"http:\/\/www.kontrastagency.com\/2021\/wp-content\/uploads\/2022\/02\/TUNC.jpg\" width=\"260\" height=\"240\" title=\"Tun\u00e7 SAKAL\" alt=\"Yaz\u0131l\u0131m Uzman\u0131\"> <h3> Tun\u00e7 SAKAL <\/h3> Yaz\u0131l\u0131m Uzman\u0131\n<h2>Our Services<\/h2><p>We provide a wide array of software design and<br \/> development services<\/p>\n<svg> <circle r=\"calc(50% - 1px)\" cx=\"50%\" cy=\"50%\" stroke-width=\"2\"\/> <circle r=\"calc(50% - 1px)\" cx=\"50%\" cy=\"50%\" stroke=\"#23c3d1\" stroke-width=\"2\" data-progress=\"100\" stroke-dasharray=\"0,10000\"\/> <\/svg> <i style=\"color: #000000\"><svg aria-hidden=\"true\"><use href=\"#tf-fas-th-large\"><\/use><\/svg><\/i> <h3> Wireframing <\/h3> <p>We create simple prototypes that can be transformed to efficient User experience<\/p>\n<svg> <circle r=\"calc(50% - 1px)\" cx=\"50%\" cy=\"50%\" stroke-width=\"2\"\/> <circle r=\"calc(50% - 1px)\" cx=\"50%\" cy=\"50%\" stroke=\"#23c3d1\" stroke-width=\"2\" data-progress=\"100\" stroke-dasharray=\"0,10000\"\/> <\/svg> <i style=\"color: #000000\"><svg aria-hidden=\"true\"><use href=\"#tf-fas-sliders\"><\/use><\/svg><\/i> <h3> User Interface (UI) <\/h3> <p>The first thing that brings someone to your app is a beautiful, original and modern look and feel.<\/p>\n<svg> <circle r=\"calc(50% - 1px)\" cx=\"50%\" cy=\"50%\" stroke-width=\"2\"\/> <circle r=\"calc(50% - 1px)\" cx=\"50%\" cy=\"50%\" stroke=\"#23c3d1\" stroke-width=\"2\" data-progress=\"100\" stroke-dasharray=\"0,10000\"\/> <\/svg> <i style=\"color: #000000\"><svg aria-hidden=\"true\"><use href=\"#tf-fab-connectdevelop\"><\/use><\/svg><\/i> <h3> User Experience (UX) design <\/h3> <p>To create software that people will actually use, you need to create software that's simple and easy to use.<\/p>\n<svg> <circle r=\"calc(50% - 1px)\" cx=\"50%\" cy=\"50%\" stroke-width=\"2\"\/> <circle r=\"calc(50% - 1px)\" cx=\"50%\" cy=\"50%\" stroke=\"#23c3d1\" stroke-width=\"2\" data-progress=\"100\" stroke-dasharray=\"0,10000\"\/> <\/svg> <i style=\"color: #000000\"><svg aria-hidden=\"true\"><use href=\"#tf-far-check-square-o\"><\/use><\/svg><\/i> <h3> Quality Assurance <\/h3> <p>Our specialized in-house QA team does the review and testing of all the software we build.<\/p>\n<h3>Testimonials<\/h3>\n<p>\"Because of your skill, work and excellence so many doors have opened to us and we are poised to expand in some really huge ways.\"<\/p><p><strong>John Henry Doe<\/strong>, Eye Heart World<\/p> <p>\"Sed odio risus, ornare sed varius et, dapibus pellentesque mauris. Sed aliquet vulputate nisl, ut porttitor nulla placerat id.\"<\/p><p><strong>John Smith<\/strong>,\u00a0X-Company<\/p> <p>\"Because of your skill, work and excellence so many doors have opened to us and we are poised to expand in some really huge ways.\"<\/p><p><strong>Peter\u00a0Doe<\/strong>,\u00a0Themify<\/p> <p>\"Sed odio risus, ornare sed varius et, dapibus pellentesque mauris. Sed aliquet vulputate nisl, ut porttitor nulla placerat id.\"<\/p><p><b>Alice<\/b>, iHeart<\/p>\n<h3>How We Work<\/h3>\n\n<sup>01<\/sup> <h2>Team<\/h2>\n<p>Lorem ipsum dolor sit amet, consectetur adipiscing elit. Morbi tincidunt velit mi, et cursus dui maximus eu. Aenean malesuada felis dui, tincidunt elementum lacus tempus viverra. Nullam in lacus erat. Quisque quis gravida sapien.\u00a0<\/p>\n\n<sup>02<\/sup><h2>Collaboration<\/h2>\n<p>Maecenas sed leo a dui accumsan commodo. Ut a porta leo. In vitae purus at augue tempus ultricies in eget tellus. Maecenas facilisis magna sit amet nulla lobortis, eget cursus odio finibus.\u00a0<\/p>\n\n<sup>03<\/sup> <h2>Results<\/h2>\n<p>Nullam tortor metus, egestas quis sagittis non, mattis id enim. Pellentesque lacinia, mi at iaculis fermentum, ex nisl porta sapien, nec gravida elit ligula at nulla.<\/p>\n<h2>Projeniz hakk\u0131nda konu\u015fmaya haz\u0131r m\u0131s\u0131n\u0131z?<\/h2>\n<a href=\"mailto:ozgur@kontrastagency.com\" > \u0130leti\u015fim <\/a>","_links":{"self":[{"href":"https:\/\/www.kontrastagency.com\/index.php?rest_route=\/wp\/v2\/pages\/20","targetHints":{"allow":["GET"]}}],"collection":[{"href":"https:\/\/www.kontrastagency.com\/index.php?rest_route=\/wp\/v2\/pages"}],"about":[{"href":"https:\/\/www.kontrastagency.com\/index.php?rest_route=\/wp\/v2\/types\/page"}],"author":[{"embeddable":true,"href":"https:\/\/www.kontrastagency.com\/index.php?rest_route=\/wp\/v2\/users\/1"}],"replies":[{"embeddable":true,"href":"https:\/\/www.kontrastagency.com\/index.php?rest_route=%2Fwp%2Fv2%2Fcomments&post=20"}],"version-history":[{"count":17,"href":"https:\/\/www.kontrastagency.com\/index.php?rest_route=\/wp\/v2\/pages\/20\/revisions"}],"predecessor-version":[{"id":206,"href":"https:\/\/www.kontrastagency.com\/index.php?rest_route=\/wp\/v2\/pages\/20\/revisions\/206"}],"wp:attachment":[{"href":"https:\/\/www.kontrastagency.com\/index.php?rest_route=%2Fwp%2Fv2%2Fmedia&parent=20"}],"curies":[{"name":"wp","href":"https:\/\/api.w.org\/{rel}","templated":true}]}}